*m**3 + 9*m**2 + 3*m - 13. Determine c(-4).
-9
Let j(x) = -4*x + 80. Determine j(27).
-28
Let x(p) = -p**2 - 7*p - 7. Give x(-6).
-1
Let r(f) = -f**2 - f + 1. Determine r(0).
1
Let j(z) = 4*z**2 + 45*z - 9. Determine j(-10).
-59
Let p(m) = 4*m - 6. Determine p(5).
14
Let u(s) = s**3 + 6*s**2 + 5*s + 1. Calculate u(-5).
1
Let d(p) = -p**3 - 15*p**2 - 2*p - 276. What is d(-16)?
12
Let v(z) = -z**3 + 3*z**2 + 6*z + 7. Give v(5).
-13
Let u(v) = v**2 - 10*v + 16. Determine u(10).
16
Let y(v) = -2*v**2 + 22*v - 55. Give y(4).
1
Let m(n) = -n**2 + 24*n + 185. What is m(30)?
5
Let v(s) = -3*s - 1. Give v(2).
-7
Let n(l) = -l**2 - 8*l - 7. What is n(-10)?
-27
Let u(b) = -b**3 + 3*b**2 - 3*b + 5. What is u(4)?
-23
Let v(b) = 3*b**2 + 49*b + 5. Calculate v(-16).
-11
Let q(v) = v**2 - 12*v + 1. Determine q(13).
14
Let f(g) = g**2 + 10*g - 11. Calculate f(-12).
13
Let g(j) = 4*j**3 + j**2 - 5*j - 5. Calculate g(-2).
-23
Let c(p) = p - 13. Give c(6).
-7
Let u(g) = -g**3 + 9*g**2 - 2*g + 6. Give u(9).
-12
Let z(k) = k**3 - 15*k**2 - 15*k - 15. What is z(16)?
1
Let s(c) = c + 16. Determine s(0).
16
Let u(p) = -6*p**2 - 143*p + 2. Determine u(-24).
-22
Let i(b) = 3*b**2 - 57*b - 55. What is i(20)?
5
Let c(b) = 4*b + 38. What is c(-13)?
-14
Let b(y) = 2*y - 14. Calculate b(11).
8
Let w(m) = -m**2 - 2*m - 8. What is w(-6)?
-32
Let z(a) = -a**2 + 6*a + 1. Determine z(2).
9
Let i(t) = -t**3 + 6*t**2 - 4*t + 1. Determine i(5).
6
Let p(o) = 113*o + 112. Determine p(-1).
-1
Let a(s) = 2*s**2 + 57*s + 21. Give a(-28).
-7
Let v(m) = m**3 - 19*m**2 + 39*m - 75. Determine v(17).
10
Let v(j) = j**3 - 5*j**2 + 8*j - 21. Determine v(4).
-5
Let m(r) = -6*r - 2. Calculate m(-5).
28
Let c(t) = -t**3 + 4*t**2 + 3*t - 1. What is c(4)?
11
Let z(o) = -3*o - 7. Calculate z(-4).
5
Let j(p) = p**2 + 14*p + 49. Calculate j(-7).
0
Let i(j) = -2*j - 4. Calculate i(-5).
6
Let y(r) = -r**3 - 14*r**2 + 10*r - 88. Determine y(-15).
-13
Let c(u) = 2*u + 49. Give c(-36).
-23
Let u(o) = -4*o**3 + 185*o**2 - 49*o + 139. Calculate u(46).
1
Let h(m) = 43*m - 118. Give h(3).
11
Let f(d) = 44*d**2 - 3*d + 1. Determine f(1).
42
Let s(y) = y**2 + 2. Determine s(0).
2
Let y(r) = -r + 7. Give y(10).
-3
Let v(d) = d**2 + 2*d + 2. What is v(-3)?
5
Let l(i) = -i**3 - 3*i**2 - 4*i - 4. Determine l(-2).
0
Let o(n) = 6*n**3 + 4*n**2 + 4*n + 2. Determine o(-2).
-38
Let s(o) = o**2 + 13*o + 24. What is s(-7)?
-18
Let z(f) = 3*f - 4. Determine z(8).
20
Let j(y) = 2*y**2 - 37*y + 30. Calculate j(18).
12
Let r(f) = 7*f - 12. Give r(3).
9
Let h(g) = -g**3 + 15*g**2 - 31*g - 140. Determine h(11).
3
Let o(u) = 2*u**2 - 9*u. Calculate o(6).
18
Let c(p) = 7*p**2 - 3*p - 1. Give c(-2).
33
Let m(w) = -w - 2. What is m(4)?
-6
Let v(u) = -29*u - 87. Calculate v(-3).
0
Let h(y) = -4*y - 5. What is h(-2)?
3
Let t(q) = 16*q - 4. Calculate t(1).
12
Let m(b) = b**3 + 12*b**2 + 20*b + 2. Determine m(-10).
2
Let f(t) = t**3 + 13. Give f(0).
13
Let x(o) = -o - 20. Give x(-12).
-8
Let b(q) = 2*q**3 + 4*q**2 + 3*q + 1. Determine b(-1).
0
Let h(l) = l**2 - 8*l - 34. Give h(8).
-34
Let p(n) = -n**2 + 3*n + 9. Determine p(5).
-1
Let i(q) = -3*q - 25. What is i(5)?
-40
Let c(o) = o - 19. Determine c(17).
-2
Let g(q) = q**3 + 7*q**2 + 10*q + 2. What is g(-5)?
2
Let p(q) = 2*q**2 - 3*q + 12. Give p(5).
47
Let o(k) = 4*k - 22. Give o(12).
26
Let n(r) = -r**3 + 23*r**2 + 26*r - 31. Give n(24).
17
Let q(h) = 2*h**3 - 18*h**2 - 2*h + 29. Calculate q(9).
11
Let l(r) = -r**3 + 9*r**2 - 10*r. What is l(8)?
-16
Let m(c) = -11*c**2 - 2*c + 1. Give m(1).
-12
Let l(u) = -9*u - 42. Calculate l(-6).
12
Let q(b) = 8*b - 90. What is q(13)?
14
Let r(a) = 13*a - 32. What is r(3)?
7
Let k(h) = 18*h + 4. Give k(2).
40
Let q(a) = a - 10. Give q(15).
5
Let p(r) = 122*r - 2. Calculate p(1).
120
Let x(t) = -t**3 - 7*t**2 - 8*t - 13. Determine x(-6).
-1
Let k(o) = -3*o - 15. Give k(-6).
3
Let b(p) = 5*p - 8. Calculate b(-5).
-33
Let d(s) = s**3 + 14*s**2 - s + 33. Give d(-14).
47
Let l(k) = k**2 - 5*k + 8. Determine l(3).
2
Let w(a) = -a - 3. What is w(12)?
-15
Let j(n) = -n**3 - 21*n**2 - 18*n + 27. Calculate j(-20).
-13
Let o(w) = 3*w + 4. Give o(-3).
-5
Let r(n) = n**3 + 4*n**2 - 21*n - 4. Determine r(-6).
50
Let g(o) = -2*o**2 + 15*o - 31. What is g(4)?
-3
Let z(a) = -2*a**2 - 6*a - 12. Calculate z(-4).
-20
Let w(q) = q + 13. What is w(-9)?
4
Let m(s) = s**2 + 23*s + 31. Give m(-20).
-29
Let g(r) = r**2 - 18*r - 12. Give g(19).
7
Let b(k) = 10*k + 4. Give b(-3).
-26
Let c(l) = 22*l + 37. Determine c(-2).
-7
Let j(o) = -o**2 + o - 5. Give j(-5).
-35
Let l(m) = m**3 + 2. Calculate l(3).
29
Let q(i) = -i + 1. What is q(-9)?
10
Let j(r) = 3*r**2 - 24*r + 2. Determine j(5).
-43
Let j(v) = 3*v**2 + 2*v. Determine j(-2).
8
Let u(s) = 2*s**3 + s**2 - 4*s - 3. Give u(-3).
-36
Let m(g) = -g**3 + 4*g**2 - g + 8. Give m(4).
4
Let j(u) = -u**3 - 26*u**2 + 5*u + 79. Determine j(-26).
-51
Let v(l) = -l + 11. What is v(6)?
5
Let a(j) = -j**3 + 13*j**2 - 6*j - 10. What is a(12)?
62
Let o(z) = z**3 + 5*z**2 - 6*z - 2. Give o(-6).
-2
Let t(w) = w**2 + 17*w + 15. Determine t(-15).
-15
Let t(u) = u + 1. Give t(-5).
-4
Let p(h) = 10*h + 34. What is p(-3)?
4
Let d(o) = -2*o**3 - 13*o**2 - 39*o - 199. Determine d(-6).
-1
Let k(h) = h**2 + 18*h + 5. Calculate k(-18).
5
Let d(q) = q**2 - 2*q. Calculate d(1).
-1
Let i(y) = -3*y + 67. Give i(-18).
121
Let t(q) = -q**3 - 5*q**2 + 10*q + 15. What is t(-6)?
-9
Let k(z) = z - 13. Determine k(11).
-2
Let p(d) = 11*d - 6. Determine p(-4).
-50
Let v(w) = 22*w + 1. What is v(-1)?
-21
Let w(j) = j**2 + 21*j - 40. Calculate w(-23).
6
Let j(n) = -163*n - 1135. Calculate j(-7).
6
Let b(k) = 64*k**3 - 2*k**2 + 1. Give b(1).
63
Let s(l) = -l + 28. What is s(0)?
28
Let h(c) = c**3 - 5*c**2 + 4*c - 7. What is h(3)?
-13
Let g(t) = t**3 - 11*t**2 + t - 17. Determine g(11).
-6
Let g(n) = 3*n**2 - 55*n + 189. Give g(14).
7
Let u(t) = t. What is u(14)?
14
Let f(q) = -32*q. Give f(2).
-64
Let y(h) = 4*h**2 + 26*h + 4. Determine y(-6).
-8
Let i(t) = -t**3 + 21*t**2 + 21*t + 28. Give i(22).
6
Let w(g) = g**3 + 38*g**2 + 134*g - 73. Determine w(-34).
-5
Let x(g) = -g**2 + 6*g - 2. Give x(8).
-18
Let u(j) = 57*j + 3. Determine u(1).
60
Let i(g) = g**3 - 13*g**2 - 15*g + 14. Determine i(14).
0
Let n(c) = 11*c**3 - c. Calculate n(-1).
-10
Let c(m) = m**3 + 11*m**2 - 5. What is c(-11)?
-5
Let d(m) = m**2 + 19*m - 24. What is d(-19)?
-24
Let t(i) = i**3 - 21*i**2 + 4*i - 2. Determine t(21).
82
Let u(n) = -34*n + 1. Calculate u(0).
1
Let b(s) = s**3 + 12*s**2 + 15*s + 2. What is b(-11)?
-42
Let h(z) = -z**3 + 7*z**2 + 7*z + 1. Determine h(8).
-7
Let k(j) = -j**3 + 15*j**2 - j + 18. Determine k(15).
3
Let l(v) = -v**3 + 2*v**2 + 3*v - 3. What is l(5)?
-63
Let s(c) = 8*c**2 + 14*c + 23. Give s(-2).
27
Let p(s) = -s**3 - 4*s**2 - 3*s - 20. Give p(-4).
-8
Let j(i) = -i**3 - 8*i**2 - 8*i + 28. Determine j(-6).
4
Let h(x) = -x**2 - 31. Give h(0).
-31
Let y(b) = b**3 - 14*b**2 + 22*b + 18. Determine y(12).
-6
Let t(f) = -23*f - 239. Give t(-12).
37
Let x(j) = 2*j + 2. Determine x(-6).
-10
Let a(r) = -23*r**3 - r**2 + r. Determine a(1).
-23
Let b(d) = -11*d**2 + d - 1. Calculate b(-1).
-13
Let o(c) = c**2 + 22*c + 17. Determine o(-17).
-68
Let c(s) = s**2 - 12*s + 13. Give c(6).
-23
Let b(s) = -s**3 - 9*s**2 + 53*s + 483. Give b(-9).
6
Let x(b) = b**3 + 26*b**2 - 87*b - 4. Determine x(-29).
-4
Let y(w) = 4*w + 46. Determine y(-13).
-6
Let r(u) = 9*u - 321. Determine r(36).
3
Let y(z) = 6*z**3 - z + 1. What is y(1)?
6
Let u(y) = y + 13. Determine u(-6).
7
Let u(c) = c**3 - 5*c**2 + 5*c - 11. Give u(6).
55
Let q(f) = -2*f**2 - 3*f + 4. Determine q(-3).
-5
Let g(n) = n**3 + 6*n**2 - 8*n - 4. Determine g(-7).
3
Let c(v) = -v**2 + 80. Give c(0).
80
Let g(o) = -12*o + 82. Determine g(7).
-2
Let j(b) = 2*b**2 + 6*b - 5. Calculate j(-4).
3
Let f(y) = y**2 - 13*y + 36. What is f(8)?
-4
Let z(w) = -w**3 - 5*w**2 + 3*w - 5. Give z(-6).
13
Let g(j) = 8*j - 12. Calculate g(2).
4
Let q(i) = 5*i + 12. What is q(-8)?
-28
Let w(v) = v**2 + 17*v + 18. What is w(-16)?
2
Let y(s) = 91*s + 3. Give y(-1).
-88
Let f(o) = 12*o - 1. Give f(1).
11
Let q(p) = -p**2 - 6*p + 16. Calculate q(-5).
21
Let v(n) = -5*n**3 - n**2 - 3*n - 4. What is v(-2)?
38
Let r(o) = o**2 - 50*o - 676. Calculate r(61